{"id":294,"date":"2016-11-03T16:50:09","date_gmt":"2016-11-03T16:50:09","guid":{"rendered":"http:\/\/lawyer2.mythemecloud.io\/?page_id=294"},"modified":"2022-03-12T15:17:14","modified_gmt":"2022-03-12T15:17:14","slug":"practice-areas","status":"publish","type":"page","link":"https:\/\/rhsercorp.com\/?page_id=294","title":{"rendered":"Servicios"},"content":{"rendered":"\t\t<div data-elementor-type=\"wp-page\" data-elementor-id=\"294\" class=\"elementor elementor-294\">\n\t\t\t\t\t\t<section class=\"elementor-section elementor-top-section elementor-element elementor-element-bu71rau elementor-section-boxed elementor-section-height-default elementor-section-height-default\" data-id=\"bu71rau\" data-element_type=\"section\">\n\t\t\t\t\t\t<div class=\"elementor-container elementor-column-gap-default\">\n\t\t\t\t\t<div class=\"elementor-column elementor-col-33 elementor-top-column elementor-element elementor-element-p4b3n7m\" data-id=\"p4b3n7m\" data-element_type=\"column\">\n\t\t\t<div class=\"elementor-widget-wrap elementor-element-populated\">\n\t\t\t\t\t\t<div class=\"elementor-element elementor-element-73gt1to areas-box elementor-position-top elementor-widget elementor-widget-image-box\" data-id=\"73gt1to\" data-element_type=\"widget\" data-widget_type=\"image-box.default\">\n\t\t\t\t<div class=\"elementor-widget-container\">\n\t\t\t<style>\/*! elementor - v3.23.0 - 05-08-2024 *\/\n.elementor-widget-image-box .elementor-image-box-content{width:100%}@media (min-width:768px){.elementor-widget-image-box.elementor-position-left .elementor-image-box-wrapper,.elementor-widget-image-box.elementor-position-right .elementor-image-box-wrapper{display:flex}.elementor-widget-image-box.elementor-position-right .elementor-image-box-wrapper{text-align:end;flex-direction:row-reverse}.elementor-widget-image-box.elementor-position-left .elementor-image-box-wrapper{text-align:start;flex-direction:row}.elementor-widget-image-box.elementor-position-top .elementor-image-box-img{margin:auto}.elementor-widget-image-box.elementor-vertical-align-top .elementor-image-box-wrapper{align-items:flex-start}.elementor-widget-image-box.elementor-vertical-align-middle .elementor-image-box-wrapper{align-items:center}.elementor-widget-image-box.elementor-vertical-align-bottom .elementor-image-box-wrapper{align-items:flex-end}}@media (max-width:767px){.elementor-widget-image-box .elementor-image-box-img{margin-left:auto!important;margin-right:auto!important;margin-bottom:15px}}.elementor-widget-image-box .elementor-image-box-img{display:inline-block}.elementor-widget-image-box .elementor-image-box-title a{color:inherit}.elementor-widget-image-box .elementor-image-box-wrapper{text-align:center}.elementor-widget-image-box .elementor-image-box-description{margin:0}<\/style><div class=\"elementor-image-box-wrapper\"><figure class=\"elementor-image-box-img\"><a href=\"#\" tabindex=\"-1\"><img fetchpriority=\"high\" decoding=\"async\" width=\"768\" height=\"513\" src=\"https:\/\/rhsercorp.com\/wp-content\/uploads\/2022\/03\/reclutamiento-marketing-768x513.jpg\" class=\"attachment-medium_large size-medium_large wp-image-770\" alt=\"\" srcset=\"https:\/\/rhsercorp.com\/wp-content\/uploads\/2022\/03\/reclutamiento-marketing-768x513.jpg 768w, https:\/\/rhsercorp.com\/wp-content\/uploads\/2022\/03\/reclutamiento-marketing-300x200.jpg 300w, https:\/\/rhsercorp.com\/wp-content\/uploads\/2022\/03\/reclutamiento-marketing-1024x684.jpg 1024w, https:\/\/rhsercorp.com\/wp-content\/uploads\/2022\/03\/reclutamiento-marketing.jpg 1200w\" sizes=\"(max-width: 768px) 100vw, 768px\" \/><\/a><\/figure><div class=\"elementor-image-box-content\"><h3 class=\"elementor-image-box-title\"><a href=\"#\">Reclutamiento de personal<\/a><\/h3><p class=\"elementor-image-box-description\">Nuestro compromiso y  objetivo es reclutar y seleccionar al talento m\u00e1s id\u00f3neo para su empresa en el plazo m\u00e1s corto posible, obteniendo como resultado la reducci\u00f3n de rotaci\u00f3n de su personal e incrementando la productividad.\n<\/p><\/div><\/div>\t\t<\/div>\n\t\t\t\t<\/div>\n\t\t\t\t<div class=\"elementor-element elementor-element-mudrmeq areas-box elementor-position-top elementor-widget elementor-widget-image-box\" data-id=\"mudrmeq\" data-element_type=\"widget\" data-widget_type=\"image-box.default\">\n\t\t\t\t<div class=\"elementor-widget-container\">\n\t\t\t<div class=\"elementor-image-box-wrapper\"><figure class=\"elementor-image-box-img\"><a href=\"#\" tabindex=\"-1\"><img decoding=\"async\" width=\"768\" height=\"432\" src=\"https:\/\/rhsercorp.com\/wp-content\/uploads\/2022\/03\/Estudio-socioeconomico-768x432.png\" class=\"attachment-medium_large size-medium_large wp-image-767\" alt=\"\" srcset=\"https:\/\/rhsercorp.com\/wp-content\/uploads\/2022\/03\/Estudio-socioeconomico-768x432.png 768w, https:\/\/rhsercorp.com\/wp-content\/uploads\/2022\/03\/Estudio-socioeconomico-300x169.png 300w, https:\/\/rhsercorp.com\/wp-content\/uploads\/2022\/03\/Estudio-socioeconomico-1024x576.png 1024w, https:\/\/rhsercorp.com\/wp-content\/uploads\/2022\/03\/Estudio-socioeconomico-1536x864.png 1536w, https:\/\/rhsercorp.com\/wp-content\/uploads\/2022\/03\/Estudio-socioeconomico.png 1920w\" sizes=\"(max-width: 768px) 100vw, 768px\" \/><\/a><\/figure><div class=\"elementor-image-box-content\"><h3 class=\"elementor-image-box-title\"><a href=\"#\">Estudios Socio-econ\u00f3micos<\/a><\/h3><p class=\"elementor-image-box-description\">Verificamos cada uno de los datos presentados por cada candidato potencial a ocupar una plaza: Visita domiciliar, historial acad\u00e9mico, evaluaci\u00f3n, referencias personales, referencia laborales y autenticidad de documentos.\n<\/p><\/div><\/div>\t\t<\/div>\n\t\t\t\t<\/div>\n\t\t\t\t\t<\/div>\n\t\t<\/div>\n\t\t\t\t<div class=\"elementor-column elementor-col-33 elementor-top-column elementor-element elementor-element-94z8gp3\" data-id=\"94z8gp3\" data-element_type=\"column\">\n\t\t\t<div class=\"elementor-widget-wrap elementor-element-populated\">\n\t\t\t\t\t\t<div class=\"elementor-element elementor-element-o8y6vue areas-box elementor-position-top elementor-widget elementor-widget-image-box\" data-id=\"o8y6vue\" data-element_type=\"widget\" data-widget_type=\"image-box.default\">\n\t\t\t\t<div class=\"elementor-widget-container\">\n\t\t\t<div class=\"elementor-image-box-wrapper\"><figure class=\"elementor-image-box-img\"><a href=\"#\" tabindex=\"-1\"><img decoding=\"async\" width=\"640\" height=\"426\" src=\"https:\/\/rhsercorp.com\/wp-content\/uploads\/2022\/03\/pruebas.jpg\" class=\"attachment-medium_large size-medium_large wp-image-765\" alt=\"\" srcset=\"https:\/\/rhsercorp.com\/wp-content\/uploads\/2022\/03\/pruebas.jpg 640w, https:\/\/rhsercorp.com\/wp-content\/uploads\/2022\/03\/pruebas-300x200.jpg 300w\" sizes=\"(max-width: 640px) 100vw, 640px\" \/><\/a><\/figure><div class=\"elementor-image-box-content\"><h3 class=\"elementor-image-box-title\"><a href=\"#\">Pruebas Psicom\u00e9tricas<\/a><\/h3><p class=\"elementor-image-box-description\">Ex\u00e1menes que eval\u00faan las aptitudes de las personas para elegir al candidato m\u00e1s apto para la vacante,  protegiendo tu inversi\u00f3n  al descubrir sus rasgos innatos para ser transformados en habilidades.\n<\/p><\/div><\/div>\t\t<\/div>\n\t\t\t\t<\/div>\n\t\t\t\t<div class=\"elementor-element elementor-element-osow2h8 areas-box elementor-position-top elementor-widget elementor-widget-image-box\" data-id=\"osow2h8\" data-element_type=\"widget\" data-widget_type=\"image-box.default\">\n\t\t\t\t<div class=\"elementor-widget-container\">\n\t\t\t<div class=\"elementor-image-box-wrapper\"><figure class=\"elementor-image-box-img\"><a href=\"#\" tabindex=\"-1\"><img loading=\"lazy\" decoding=\"async\" width=\"768\" height=\"422\" src=\"https:\/\/rhsercorp.com\/wp-content\/uploads\/2022\/03\/desempeno-768x422.jpg\" class=\"attachment-medium_large size-medium_large wp-image-768\" alt=\"\" srcset=\"https:\/\/rhsercorp.com\/wp-content\/uploads\/2022\/03\/desempeno-768x422.jpg 768w, https:\/\/rhsercorp.com\/wp-content\/uploads\/2022\/03\/desempeno-300x165.jpg 300w, https:\/\/rhsercorp.com\/wp-content\/uploads\/2022\/03\/desempeno-1024x562.jpg 1024w, https:\/\/rhsercorp.com\/wp-content\/uploads\/2022\/03\/desempeno.jpg 1279w\" sizes=\"(max-width: 768px) 100vw, 768px\" \/><\/a><\/figure><div class=\"elementor-image-box-content\"><h3 class=\"elementor-image-box-title\"><a href=\"#\">Pruebas desempe\u00f1o laboral<\/a><\/h3><p class=\"elementor-image-box-description\">Aplicamos cuestionarios v\u00eda web que miden los\u00a0niveles\u00a0y las\u00a0condiciones de trabajo\u00a0de los colaboradores, y con los resultados tomar acciones para  incrementar los niveles de productividad.\n<\/p><\/div><\/div>\t\t<\/div>\n\t\t\t\t<\/div>\n\t\t\t\t\t<\/div>\n\t\t<\/div>\n\t\t\t\t<div class=\"elementor-column elementor-col-33 elementor-top-column elementor-element elementor-element-phobwjz\" data-id=\"phobwjz\" data-element_type=\"column\">\n\t\t\t<div class=\"elementor-widget-wrap elementor-element-populated\">\n\t\t\t\t\t\t<div class=\"elementor-element elementor-element-clyq47f areas-box elementor-position-top elementor-widget elementor-widget-image-box\" data-id=\"clyq47f\" data-element_type=\"widget\" data-widget_type=\"image-box.default\">\n\t\t\t\t<div class=\"elementor-widget-container\">\n\t\t\t<div class=\"elementor-image-box-wrapper\"><figure class=\"elementor-image-box-img\"><a href=\"#\" tabindex=\"-1\"><img loading=\"lazy\" decoding=\"async\" width=\"900\" height=\"601\" src=\"https:\/\/rhsercorp.com\/wp-content\/uploads\/2022\/03\/verificaciones.jpg\" class=\"attachment-full size-full wp-image-766\" alt=\"\" srcset=\"https:\/\/rhsercorp.com\/wp-content\/uploads\/2022\/03\/verificaciones.jpg 900w, https:\/\/rhsercorp.com\/wp-content\/uploads\/2022\/03\/verificaciones-300x200.jpg 300w, https:\/\/rhsercorp.com\/wp-content\/uploads\/2022\/03\/verificaciones-768x513.jpg 768w\" sizes=\"(max-width: 900px) 100vw, 900px\" \/><\/a><\/figure><div class=\"elementor-image-box-content\"><h3 class=\"elementor-image-box-title\"><a href=\"#\">Verificaciones personales y laborales<\/a><\/h3><p class=\"elementor-image-box-description\">Verificamos la informaci\u00f3n laboral y personal  de todos los candidato aplicando un amplio cuestionario para conocer mas de su entorno y acreditar que la informaci\u00f3n sea real.\n<\/p><\/div><\/div>\t\t<\/div>\n\t\t\t\t<\/div>\n\t\t\t\t<div class=\"elementor-element elementor-element-mfva3rv areas-box elementor-position-top elementor-widget elementor-widget-image-box\" data-id=\"mfva3rv\" data-element_type=\"widget\" data-widget_type=\"image-box.default\">\n\t\t\t\t<div class=\"elementor-widget-container\">\n\t\t\t<div class=\"elementor-image-box-wrapper\"><figure class=\"elementor-image-box-img\"><a href=\"#\" tabindex=\"-1\"><img loading=\"lazy\" decoding=\"async\" width=\"768\" height=\"432\" src=\"https:\/\/rhsercorp.com\/wp-content\/uploads\/2022\/03\/clima-768x432.jpg\" class=\"attachment-medium_large size-medium_large wp-image-771\" alt=\"\" srcset=\"https:\/\/rhsercorp.com\/wp-content\/uploads\/2022\/03\/clima-768x432.jpg 768w, https:\/\/rhsercorp.com\/wp-content\/uploads\/2022\/03\/clima-300x169.jpg 300w, https:\/\/rhsercorp.com\/wp-content\/uploads\/2022\/03\/clima-1024x576.jpg 1024w, https:\/\/rhsercorp.com\/wp-content\/uploads\/2022\/03\/clima.jpg 1500w\" sizes=\"(max-width: 768px) 100vw, 768px\" \/><\/a><\/figure><div class=\"elementor-image-box-content\"><h3 class=\"elementor-image-box-title\"><a href=\"#\">Clima laboral<\/a><\/h3><p class=\"elementor-image-box-description\">Aplica encuestas de clima laboral, cuantas veces sea necesario, a todo tu capital humano. Implementa de una manera intuitiva las encuestas necesarias para aumentar la satisfacci\u00f3n.<\/p><\/div><\/div>\t\t<\/div>\n\t\t\t\t<\/div>\n\t\t\t\t\t<\/div>\n\t\t<\/div>\n\t\t\t\t\t<\/div>\n\t\t<\/section>\n\t\t\t\t<\/div>\n\t\t","protected":false},"excerpt":{"rendered":"<p>Reclutamiento de personal Nuestro compromiso y objetivo es reclutar y seleccionar al talento m\u00e1s id\u00f3neo para su empresa en el plazo m\u00e1s corto posible, obteniendo como resultado la reducci\u00f3n de rotaci\u00f3n de su personal e incrementando la productividad. Estudios Socio-econ\u00f3micos Verificamos cada uno de los datos presentados por cada candidato potencial a ocupar una plaza: [&hellip;]<\/p>\n","protected":false},"author":1,"featured_media":0,"parent":0,"menu_order":0,"comment_status":"closed","ping_status":"closed","template":"","meta":{"ocean_post_layout":"full-width","ocean_both_sidebars_style":"","ocean_both_sidebars_content_width":0,"ocean_both_sidebars_sidebars_width":0,"ocean_sidebar":"","ocean_second_sidebar":"","ocean_disable_margins":"enable","ocean_add_body_class":"","ocean_shortcode_before_top_bar":"","ocean_shortcode_after_top_bar":"","ocean_shortcode_before_header":"","ocean_shortcode_after_header":"","ocean_has_shortcode":"","ocean_shortcode_after_title":"","ocean_shortcode_before_footer_widgets":"","ocean_shortcode_after_footer_widgets":"","ocean_shortcode_before_footer_bottom":"","ocean_shortcode_after_footer_bottom":"","ocean_display_top_bar":"default","ocean_display_header":"default","ocean_header_style":"","ocean_center_header_left_menu":"","ocean_custom_header_template":"","ocean_custom_logo":0,"ocean_custom_retina_logo":0,"ocean_custom_logo_max_width":0,"ocean_custom_logo_tablet_max_width":0,"ocean_custom_logo_mobile_max_width":0,"ocean_custom_logo_max_height":0,"ocean_custom_logo_tablet_max_height":0,"ocean_custom_logo_mobile_max_height":0,"ocean_header_custom_menu":"","ocean_menu_typo_font_family":"","ocean_menu_typo_font_subset":"","ocean_menu_typo_font_size":0,"ocean_menu_typo_font_size_tablet":0,"ocean_menu_typo_font_size_mobile":0,"ocean_menu_typo_font_size_unit":"px","ocean_menu_typo_font_weight":"","ocean_menu_typo_font_weight_tablet":"","ocean_menu_typo_font_weight_mobile":"","ocean_menu_typo_transform":"","ocean_menu_typo_transform_tablet":"","ocean_menu_typo_transform_mobile":"","ocean_menu_typo_line_height":0,"ocean_menu_typo_line_height_tablet":0,"ocean_menu_typo_line_height_mobile":0,"ocean_menu_typo_line_height_unit":"","ocean_menu_typo_spacing":0,"ocean_menu_typo_spacing_tablet":0,"ocean_menu_typo_spacing_mobile":0,"ocean_menu_typo_spacing_unit":"","ocean_menu_link_color":"","ocean_menu_link_color_hover":"","ocean_menu_link_color_active":"","ocean_menu_link_background":"","ocean_menu_link_hover_background":"","ocean_menu_link_active_background":"","ocean_menu_social_links_bg":"","ocean_menu_social_hover_links_bg":"","ocean_menu_social_links_color":"","ocean_menu_social_hover_links_color":"","ocean_disable_title":"default","ocean_disable_heading":"default","ocean_post_title":"","ocean_post_subheading":"","ocean_post_title_style":"","ocean_post_title_background_color":"","ocean_post_title_background":0,"ocean_post_title_bg_image_position":"","ocean_post_title_bg_image_attachment":"","ocean_post_title_bg_image_repeat":"","ocean_post_title_bg_image_size":"","ocean_post_title_height":0,"ocean_post_title_bg_overlay":0.5,"ocean_post_title_bg_overlay_color":"","ocean_disable_breadcrumbs":"default","ocean_breadcrumbs_color":"","ocean_breadcrumbs_separator_color":"","ocean_breadcrumbs_links_color":"","ocean_breadcrumbs_links_hover_color":"","ocean_display_footer_widgets":"default","ocean_display_footer_bottom":"default","ocean_custom_footer_template":"","footnotes":""},"class_list":["post-294","page","type-page","status-publish","hentry","entry"],"_links":{"self":[{"href":"https:\/\/rhsercorp.com\/index.php?rest_route=\/wp\/v2\/pages\/294","targetHints":{"allow":["GET"]}}],"collection":[{"href":"https:\/\/rhsercorp.com\/index.php?rest_route=\/wp\/v2\/pages"}],"about":[{"href":"https:\/\/rhsercorp.com\/index.php?rest_route=\/wp\/v2\/types\/page"}],"author":[{"embeddable":true,"href":"https:\/\/rhsercorp.com\/index.php?rest_route=\/wp\/v2\/users\/1"}],"replies":[{"embeddable":true,"href":"https:\/\/rhsercorp.com\/index.php?rest_route=%2Fwp%2Fv2%2Fcomments&post=294"}],"version-history":[{"count":4,"href":"https:\/\/rhsercorp.com\/index.php?rest_route=\/wp\/v2\/pages\/294\/revisions"}],"predecessor-version":[{"id":796,"href":"https:\/\/rhsercorp.com\/index.php?rest_route=\/wp\/v2\/pages\/294\/revisions\/796"}],"wp:attachment":[{"href":"https:\/\/rhsercorp.com\/index.php?rest_route=%2Fwp%2Fv2%2Fmedia&parent=294"}],"curies":[{"name":"wp","href":"https:\/\/api.w.org\/{rel}","templated":true}]}}